9) to base 7.
106
What is 2 (base 14) in base 15?
2
What is 6 (base 11) in base 3?
20
Convert -1112 (base 3) to base 4.
-221
Convert -74 (base 14) to base 13.
-7b
Convert 0 (base 10) to base 11.
0
Convert 97 (base 15) to base 2.
10001110
a (base 12) to base 14
a
What is d9 (base 16) in base 7?
430
What is -19 (base 15) in base 13?
-1b
Convert 40 (base 9) to base 5.
121
What is -4 (base 11) in base 8?
-4
Convert 123 (base 4) to base 14.
1d
What is -76 (base 13) in base 11?
-89
2d (base 14) to base 9
45
4 (base 15) to base 8
4
20 (base 11) to base 14
18
Convert -17 (base 11) to base 7.
-24
-2 (base 6) to base 10
-2
Convert 415 (base 6) to base 10.
155
What is 0 (base 9) in base 2?
0
Convert -e8 (base 16) to base 4.
-3220
What is 25 (base 7) in base 13?
16
Convert 14 (base 5) to base 10.
9
12 (base 3) to base 12
5
-32 (base 7) to base 16
-17
What is 4 (base 5) in base 13?
4
Convert -2 (base 14) to base 4.
-2
What is -4 (base 6) in base 4?
-10
Convert -12 (base 10) to base 12.
-10
Convert 424 (base 5) to base 7.
222
-121 (base 4) to base 12
-21
What is 1 (base 3) in base 8?
1
15 (base 10) to base 7
21
-22 (base 7) to base 8
-20
-1 (base 9) to base 4
-1
What is 0 (base 12) in base 5?
0
301 (base 5) to base 4
1030
What is 38 (base 14) in base 12?
42
101 (base 5) to base 15
1b
10 (base 10) to base 8
12
What is -2 (base 11) in base 13?
-2
4a (base 14) to base 5
231
What is 27 (base 15) in base 2?
100101
What is 53 (base 6) in base 14?
25
Convert -366 (base 9) to base 2.
-100101111
What is -2 (base 12) in base 14?
-2
Convert 4 (base 13) to base 10.
4
What is 11 (base 16) in base 5?
32
69 (base 12) to base 4
1101
What is 6 (base 16) in base 15?
6
What is 111 (base 6) in base 16?
2b
What is -1 (base 13) in base 3?
-1
What is -320 (base 9) in base 14?
-149
What is -40 (base 11) in base 4?
-230
228 (base 13) to base 4
11310
Convert -3 (base 8) to base 11.
-3
-2 (base 8) to base 16
-2
-442 (base 5) to base 9
-145
-5 (base 15) to base 7
-5
3 (base 13) to base 8
3
Convert 46 (base 7) to base 3.
1021
Convert -16 (base 8) to base 4.
-32
What is 10010 (base 2) in base 4?
102
Convert -4 (base 16) to base 12.
-4
What is 21 (base 3) in base 13?
7
-11 (base 6) to base 10
-7
-333 (base 4) to base 9
-70
Convert 82 (base 14) to base 5.
424
-1011 (base 2) to base 15
-b
1333 (base 6) to base 12
249
-3 (base 14) to base 16
-3
What is a (base 14) in base 3?
101
-1011000 (base 2) to base 3
-10021
Convert -7 (base 9) to base 12.
-7
What is -100100 (base 2) in base 9?
-40
50 (base 15) to base 4
1023
Convert 5 (base 7) to base 11.
5
Convert 100 (base 7) to base 10.
49
Convert 202 (base 3) to base 12.
18
What is 1011 (base 3) in base 9?
34
What is 2 (base 3) in base 6?
2
What is -2 (base 5) in base 7?
-2
29 (base 11) to base 12
27
5 (base 15) to base 5
10
What is -206 (base 7) in base 5?
-404
43 (base 9) to base 11
36
Convert -11 (base 15) to base 7.
-22
2 (base 11) to base 7
2
What is -10123 (base 4) in base 2?
-100011011
What is -1000 (base 3) in base 12?
-23
What is 30 (base 13) in base 8?
47
What is 0 (base 16) in base 9?
0
-1 (base 2) to base 10
-1
Convert 42 (base 7) to base 13.
24
-7 (base 16) to base 12
-7
4f (base 16) to base 9
87
What is -5 (base 8) in base 2?
-101
0 (base 4) to base 10
0
3 (base 15) to base 7
3
Convert 1 (base 3) to base 11.
1
What is 7 (base 11) in base 16?
7
What is -16c (base 15) in base 14?
-195
Convert -67 (base 16) to base 3.
-10211
-c7 (base 16) to base 15
-d4
What is 322 (base 4) in base 13?
46
Convert 11 (base 4) to base 2.
101
Convert -1 (base 12) to base 11.
-1
7 (base 15) to base 8
7
Convert 113 (base 13) to base 15.
c5
Convert -2 (base 7) to base 12.
-2
-3 (base 5) to base 15
-3
Convert -4a (base 15) to base 4.
-1012
Convert -11 (base 9) to base 2.
-1010
What is 2 (base 16) in base 15?
2
-7 (base 8) to base 12
-7
Convert a (base 15) to base 2.
1010
16 (base 10) to base 4
100
What is 18 (base 12) in base 8?
24
What is 110 (base 3) in base 12?
10
0 (base 10) to base 12
0
What is 1b (base 16) in base 7?
36
Convert 54 (base 9) to base 8.
61
c2 (base 16) to base 11
167
Convert -10011 (base 2) to base 15.
-14
Convert -2 (base 9) to base 14.
-2
What is -16 (base 14) in base 5?
-40
22 (base 6) to base 4
32
3 (base 10) to base 7
3
What is -6 (base 11) in base 4?
-12
What is 7 (base 10) in base 9?
7
-2 (base 11) to base 3
-2
Convert 31 (base 4) to base 8.
15
Convert 1304 (base 5) to base 2.
11001100
What is 13 (base 13) in base 14?
12
-2 (base 4) to base 6
-2
Convert 10 (base 3) to base 2.
11
6 (base 8) to base 5
11
1010100 (base 2) to base 7
150
Convert -2 (base 9) to base 3.
-2
What is -100000 (base 2) in base 4?
-200
-6 (base 9) to base 10
-6
What is 5c (base 13) in base 5?
302
Convert 4 (base 14) to base 7.
4
What is 16 (base 14) in base 12?
18
Convert -1013 (base 6) to base 9.
-270
-64 (base 15) to base 5
-334
Convert -e6 (base 15) to base 3.
-22000
Convert 1000 (base 2) to base 11.
8
Convert d (base 16) to base 12.
11
What is -7 (base 10) in base 8?
-7
-5c (base 13) to base 12
-65
What is 21 (base 3) in base 12?
7
3 (base 15) to base 10
3
Convert 1a (base 13) to base 8.
27
Convert -3 (base 14) to base 5.
-3
Convert 10000111 (base 2) to base 3.
12000
What is 1020 (base 3) in base 12?
29
159 (base 11) to base 6
505
15 (base 8) to base 4
31
-103 (base 5) to base 15
-1d
-16 (base 10) to base 9
-17
What is 21 (base 12) in base 6?
41
136 (base 8) to base 11
86
What is -11 (base 2) in base 13?
-3
What is -232 (base 4) in base 16?
-2e
3 (base 8) to base 10
3
2 (base 13) to base 3
2
24 (base 5) to base 7
20
-1 (base 2) to base 16
-1
What is -33 (base 4) in base 3?
-120
What is 79 (base 15) in base 3?
11020
What is 0 (base 10) in base 5?
0
120 (base 6) to base 13
39
Convert 3b (base 12) to base 14.
35
What is 2 (base 16) in base 2?
10
What is 18 (base 12) in base 6?
32
Convert -100 (base 8) to base 11.
-59
-1 (base 12) to base 9
-1
Convert 210 (base 3) to base 11.
1a
What is 10 (base 4) in base 16?
4
What is -1321 (base 4) in base 10?
-121
What is 3 (base 5) in base 14?
3
Convert -6 (base 10) to base 12.
-6
Convert -101 (base 3) to base 6.
-14
What is 0 (base 8) in base 10?
0
2 (base 6) to base 3
2
-1011010 (base 2) to base 8
-132
Convert -33 (base 10) to base 12.
-29
What is 11 (base 3) in base 4?
10
Convert 15 (base 16) to base 14.
17
Convert d (base 16) to base 2.
1101
What is -155 (base 7) in base 14?
-65
-6 (base 9) to base 2
-110
What is -240 (base 8) in base 5?
-1120
What is -41 (base 9) in base 12?
-31
10 (base 9) to base 3
100
What is -1214 (base 5) in base 14?
-d2
0 (base 12) to base 9
0
What is 201 (base 4) in base 2?
100001
Convert -11 (base 9) to base 6.
-14
Convert -116 (base 7) to base 11.
-57
11010100 (base 2) to base 10
212
What is 0 (base 7) in base 9?
0
What is 1101 (base 2) in base 7?
16
-1 (base 3) to base 2
-1
10 (base 11) to base 9
12
3 (base 9) to base 3
10
Convert -2 (base 15) to base 4.
-2
Convert -3020 (base 5) to base 15.
-1aa
Convert -3 (base 15) to base 2.
-11
cb (base 13) to base 3
20012
Convert -5 (base 15) to base 14.
-5
Convert -4 (base 7) to base 14.
-4
-2 (base 10) to base 7
-2
1 (base 2) to base 8
1
Convert 2 (base 13) to base 11.
2
188 (base 15) to base 3
111002
Convert 24 (base 8) to base 7.
26
What is 4 (base 16) in base 11?
4
Convert 3b (base 14) to base 11.
49
Convert -2 (base 14) to base 16.
-2
What is 12 (base 3) in base 9?
5
-e1 (base 16) to base 11
-195
1 (base 7) to base 2
1
Convert 3 (base 14) to base 10.
3
Convert 1 (base 13) to base 7.
1
3 (base 9) to base 2
11
Convert 214 (base 7) to base 3.
11001
What is 14 (base 15) in base 8?
23
Convert -3 (base 10) to base 9.
-3
What is -6 (base 11) in base 6?
-10
8 (base 12) to base 3
22
What is 420 (base 8) in base 16?
110
What is 5 (base 9) in base 5?
10
What is 0 (base 4) in base 10?
0
What is -14 (base 15) in base 5?
-34
What is -2 (base 14) in base 5?
-2
Convert -1 (base 6) to base 4.
-1
Convert e (base 15) to base 16.
e
-221 (base 3) to base 15
-1a
Convert -31 (base 4) to base 9.
-14
-11000 (base 2) to base 16
-18
-3 (base 10) to base 3
-10
Convert -6 (base 7) to base 15.
-6
-1022 (base 3) to base 6
-55
-13 (base 11) to base 3
-112
-62 (base 9) to base 8
-70
What is -221 (base 4) in base 16?
-29
Convert 219 (base 10) to base 5.
1334
What is -12 (base 8